= -5*y - 5*g + 30480, 0 = -4*y + 62*g - 60*g + 24360. What are the prime factors of y?
2, 1523
List the prime factors of 447*(5 + 0)/15.
149
Let n = 6 - 25. Let u = n + 21. Suppose -2*i + 4*j = -i - 17, u = -2*i - 4*j. List the prime factors of i.
5
Suppose -87*q = 152318 - 468737. What are the prime factors of q?
3637
Let m(q) = -11*q + 102. List the prime factors of m(-13).
5, 7
Suppose 48 - 12 = 4*o. Let m be 516/o - (-3)/(-9). Suppose -3*v - 6 = 2*h - m, 4*h - 42 = -2*v. What are the prime factors of v?
3, 5
Suppose 0 = -8*x + 11*x + 6. Let p(s) = 3*s**2 - 6*s - 3. Let h be p(3). List the prime factors of x/h + 455/15.
2, 3, 5
Suppose s = y - 476, 3*y + 4*s = 4*y - 470. List the prime factors of 3/15 - y/(-10).
2, 3
Suppose 15428 = 2*l - 21*l. List the prime factors of (1 - 10)/(28/l).
3, 29
Suppose -5*v + 4*v = -437. What are the prime factors of v?
19, 23
Suppose 5*a + 4*w - 2563 = 0, 8 = w + 3*w. List the prime factors of a.
7, 73
Suppose -s + 4*t - 6*t + 168 = 0, 4*t - 4 = 0. What are the prime factors of s?
2, 83
Suppose -246*y - 16746 = -252*y. List the prime factors of y.
2791
Suppose t + 90 = 5*h, 4*h + 3*t = 17 + 36. Let s = h + -7. Suppose s*k - 48 = 7*k. What are the prime factors of k?
2
What are the prime factors of (-1101 - -1)/(0 + -2)?
2, 5, 11
What are the prime factors of (-2)/33 + (-29976206)/(-8646)?
3467
Let j = -17 - -17. Suppose -28*c + 24*c + 132 = j. List the prime factors of c.
3, 11
Let i = 176 - 85. What are the prime factors of i - 6 - (-2 - 2)?
89
Let r = 16 - 13. Suppose 6 = 3*f + l, -r*f + 4*l + l = -24. Let n = f + 23. What are the prime factors of n?
2, 13
Suppose -4*c = 4*v - 4112, 0 = 5*v - 4*c - 5139 + 35. Suppose v = 4*g + 4*g. List the prime factors of g.
2
Let i = -158 + 261. List the prime factors of i.
103
Suppose 2*w = m - 284, 66 = -2*w - 2*m - 212. Let z = w - -287. What are the prime factors of z?
2, 73
Suppose -6*z + 2*z + 8256 = 2*b, 3*b = -2*z + 4128. What are the prime factors of z?
2, 3, 43
Let w(g) = -g**3 - 12*g**2 + 9*g - 18. List the prime factors of w(-13).
2, 17
Let x = 36 + -66. Let n = 42 + x. Suppose -n = -o - 4. List the prime factors of o.
2
Suppose 0 = -t + n - 5, 0*n + 4*n = 5*t + 20. Suppose 3*r - 523 = 5*a, -2*a = r - t*a - 167. List the prime factors of r.
3, 19
Let p be (-556)/(-14) - 10/(-35). Suppose 4*x - 452 = -p. What are the prime factors of x?
103
Suppose -3*b = g - 5155, 4*g = -b + 1079 + 621. What are the prime factors of b?
2, 5, 43
Let k(p) = p**3 + 3*p**2 + 3*p - 21. Let l(s) = -s**3 - 4*s**2 - 2*s + 21. Let r(t) = -2*k(t) - 3*l(t). List the prime factors of r(-5).
2
Let w = -18 - 15. Let y be (w/9)/((-3)/(-45)). Let x = y - -93. What are the prime factors of x?
2, 19
Suppose 3*q - 32 = -5*h, -4*h - q + 5 = -22. Suppose 15 = 10*l - h*l. Suppose -w + l*z + 4 = 0, -w + 2*z + 6 - 2 = 0. What are the prime factors of w?
2
Suppose 0 = -2*g - y + 15, 0*g - y + 21 = 3*g. Let p(d) = 3*d + 7 + 2*d - g. List the prime factors of p(9).
2, 23
Let p be 4*1/1 + -2. Suppose 0 = -4*c + 3*w + 24, p*c - w = -3*c + 30. What are the prime factors of c?
2, 3
Let j be -10 - (2 - (-1)/1). Let n = 15 + j. Suppose n*m = -2*f + 96, m = 5*m + 5*f - 196. What are the prime factors of m?
2, 11
Let r be (-14)/3*(-6)/7. Let n(x) = -12 - 2*x + 4 - r - 5. List the prime factors of n(-12).
7
Let a(u) = -20*u + 217. What are the prime factors of a(-51)?
1237
Let k = -8 - -11. Let p be ((-3)/(-2))/(6/16). Suppose -n + 4*g + 41 = 0, p*n + g - 192 = k*g. List the prime factors of n.
7
Let m = -24 + 28. Suppose 6 = m*t - 14. What are the prime factors of t?
5
Suppose -351*h - 4263 = -358*h. List the prime factors of h.
3, 7, 29
Let a = -92 + 100. What are the prime factors of (52/10)/(((-40)/(-125))/a)?
2, 5, 13
Suppose -s = 15 + 38. Let l = 0 - s. What are the prime factors of l?
53
Suppose -5*q = -5*w + 4*w - 125, 4*w + 125 = 5*q. Suppose -4*b - 9 = -q. Suppose -3*o + 29 = -x, 3*o - 4*x - 13 = b. What are the prime factors of o?
11
Suppose 5*r - 2*r + 4*g - 20 = 0, -2*g - 16 = -5*r. List the prime factors of ((-2)/r)/((-4)/648).
3
Suppose 3*d - 2 = -20. Let h be (-4 + d)*1/(-2). Let f(v) = -v**3 + 7*v**2 - 6*v + 6. What are the prime factors of f(h)?
2, 13
Suppose 3*h = 5*h. Let m(n) = n**3 - n**2 + n - 2. Let b be m(h). Let g = b + 7. List the prime factors of g.
5
Let o(c) = -17*c + 111. What are the prime factors of o(-26)?
7, 79
Suppose 7*f - 6172 = 4*f - 2*r, 8221 = 4*f + r. What are the prime factors of f?
2, 13, 79
Let u(n) = 0*n + 3*n + 17 + 2*n. Let g be u(7). Let k = 11 + g. What are the prime factors of k?
3, 7
Let d(c) be the second derivative of -c**5/20 - 11*c**4/12 + 3*c**3/2 - c**2/2 - 6*c. What are the prime factors of d(-12)?
5, 7
Let y(k) = -k**2 - 28*k - 21. Let a be y(-21). Let g = a + -51. List the prime factors of g.
3, 5
Let g be (-5 + 0)*(-4)/(-10). Let l be -2 + 10*(-1)/g. Suppose -5*t + l*t = -36. List the prime factors of t.
2, 3
Let g = -11 + 7. Let d = 4 + g. Suppose d*u - 4 = -2*u. What are the prime factors of u?
2
List the prime factors of (-7)/((-14)/4) + 11 + 1379.
2, 3, 29
Let v(s) = 0*s**3 + 2*s - 3*s**3 - 5*s**2 + 0*s**2 - 11 + 4. List the prime factors of v(-3).
23
Suppose 0 = w - 26. Suppose 5*j - 5*v = 245, 3*j + 3*v = w + 115. List the prime factors of j.
2, 3
Let y(s) = 2*s**3 - 3*s**2 - 2*s - 1. Let k be y(3). Suppose -7*l + 1 = -k. List the prime factors of l.
3
Let f(y) = 62*y**2 + 14*y - 5. Let r be f(3). Let i = -407 + r. List the prime factors of i.
2, 47
Let x be (148/(-8))/(2/(-4)). Suppose 0*l - x = l. Let u = 70 + l. List the prime factors of u.
3, 11
Let u(h) = 2*h**3 + 57*h**2 + 17*h + 116. What are the prime factors of u(-17)?
2, 3, 13, 83
Let g(j) = 3*j**2 - 53*j + 19. What are the prime factors of g(22)?
5, 61
Suppose 3*k + f - 7945 = 0, 5*f + 13235 = 20*k - 15*k. What are the prime factors of k?
2, 331
Let u be -1 + 5 - 3 - -4. Suppose u*d = 953 - 13. List the prime factors of d.
2, 47
Suppose 0 = 8*m - 3*m + 5*t + 35, t = -4. Let q be -3 + (-32 + m - -4). Let d = q - -74. List the prime factors of d.
2, 5
Suppose -g - 2*g = -75. Suppose 3*h + 0*h + 5*v = g, 0 = h - 3*v - 27. Let p = 30 - h. What are the prime factors of p?
3, 5
Let m = 1613 + 273. What are the prime factors of m?
2, 23, 41
Let j = -244 + 154. Let n = j + 162. What are the prime factors of n?
2, 3
Let d(s) = 20*s**3 + 12*s - 20. What are the prime factors of d(2)?
2, 41
Let o(k) = k**2 - 1. Suppose 3*f + 7 = -2*h, -5*f + 2*h = -2*h - 25. Let z be o(f). Suppose z = -3*g + 12, -g - 46 - 10 = -5*p. List the prime factors of p.
2, 3
Suppose 0 = 2*f + c - 408, -f - 4*c + 180 + 31 = 0. Suppose 4*u - 1047 + f = 0. List the prime factors of u.
211
Let j(i) = -i**2 + 14*i - 17. Let m be j(8). Suppose 5*g = -m + 281. What are the prime factors of g?
2, 5
Let b be (100/8)/5*(-6)/(-5). Suppose 0*z - n + 215 = b*z, -5*z - n + 361 = 0. List the prime factors of z.
73
Let n = -1742 - -3764. List the prime factors of n.
2, 3, 337
What are the prime factors of (3944/16 - 3)*2?
487
Let l = 23 + -18. Suppose -4*n - 16 = -7*n + 2*h, l*n - 30 = 5*h. Suppose -n*b + 3*p = -b - 36, -5*p = 15. List the prime factors of b.
3
What are the prime factors of 369/45 + -8 - (-2519)/5?
2, 3, 7
Suppose -5*l - 154 = 4*b - 618, -b - 183 = -2*l. Suppose -46 - l = -2*r. Suppose -r = -5*v - 3*d, d = 4*v - 3*d - 36. What are the prime factors of v?
2, 3
Let m be ((-52)/(-6))/(9/54). Let s be 3 - (-2 - (-25)/(-1)). Let g = m - s. List the prime factors of g.
2, 11
Suppose 57 = -4*u + 13. Let h = u - -5. Let m(f) = -2*f + 7. List the prime factors of m(h).
19
Let s = 452 - 167. Suppose 6*h - s = h. List the prime factors of h.
3, 19
Let w = -36 - -5. Let y = -64 + 48. Let k = y - w. What are the prime factors of k?
3, 5
Suppose 11 = 2*h + x, 0 = 4*h - 0*h - 3*x - 47. Let w = 12 - h. Suppose 0 = -w*r + r + 30. List the prime factors of r.
2, 5
Let n be -4 + 3 + 12 - 0. Suppose n*b - 128 = 9*b. List the prime factors of b.
2
Suppose 0 = 2*r + 2*o + 192, -3*r - 2*o = -0*o + 286. Let p = r + 265. What are the prime factors of p?
3, 19
Let y(m) = -189*m - 157. What are the prime factors of y(-7)?
2, 11, 53
Let q = 225 + 492. List the prime factors of q.
3, 239
Suppose -4 + 12 = -4*x. Suppose -3*c = -2*b + 10, 0 = 